{"id":705,"date":"2013-05-15T20:30:29","date_gmt":"2013-05-15T20:30:29","guid":{"rendered":"http:\/\/www.apotheke-stpauls.it\/?page_id=705"},"modified":"2025-10-23T09:07:42","modified_gmt":"2025-10-23T09:07:42","slug":"home","status":"publish","type":"page","link":"https:\/\/www.apotheke-stpauls.it\/","title":{"rendered":"Home"},"content":{"rendered":"<div class=\"slogan clearfix\">\n\n<h1>Willkommen auf der Webseite der <span style=\"color: #bd1226;\">Apotheke St. Pauls<\/span>!<\/h1>\n<p>Unser Hauptanliegen und t\u00e4gliches Bestreben ist die pers\u00f6nlich, vertrauliche und individuelle Beratung unserer Kunden.<br \/>\nWir werden Sie hier mit wertvollen Informationen sowie Tipps auf dem Laufendem halten.<\/p>\n<p>Wir freuen uns auf Ihren Besuch.<br \/>\n<\/div>\n<div class=\"divider\"><span class=\"divider-line\"><\/span><span class=\"divider-color\"><\/span><\/div>\n<div class=\"row\"><div class=\"mt-one-half\">\n<ul>\n<li><strong>TIPPS<\/strong><\/li>\n<\/ul>\n<div class=\"post-shortcode-wrapper mt-custom-col col-1 format- clearfix\"><div class=\"post-shortcode mt-col-inner format-\" id=\"post-1822\"><div class=\"post-item\" style=\"border-bottom:1px dotted #666; padding-bottom:10px;\"><h6><a href=\"https:\/\/www.apotheke-stpauls.it\/?p=1822\">Zecken<\/a><\/h6><p>Die richtige Entfernung von Zecken Zecken rasch entfernen! W\u00e4hrend FSME-Viren in den Speicheldr\u00fcsen der Zecken sitzen, befinden sich die Borrelien zun\u00e4chst im Mitteldarm. Das hat zur Folge, dass FSME-Viren direkt mit dem Stechakt auf das Opfer \u00fcbertragen werden. Bei Borrelien dagegen wird davon ausgegangen, dass sie erst zu einem sp\u00e4teren Zeitpunkt w\u00e4hrend des Saugaktes in [&hellip;]<\/p><p class=\"post-shortcode-meta clearfix\"><a class=\"ps-rm-link clearfix\" href=\"https:\/\/www.apotheke-stpauls.it\/?p=1822\">Lesen Sie mehr &rarr;<\/a><\/p><\/div><\/div><div class=\"post-shortcode mt-col-inner format-\" id=\"post-1807\"><div class=\"post-item\" style=\"border-bottom:1px dotted #666; padding-bottom:10px;\"><h6><a href=\"https:\/\/www.apotheke-stpauls.it\/?p=1807\">SAMBIOTIC &#8211; Immunsystem, Energie und Regeneration<\/a><\/h6><p>Sambiotic vereint eine innovative Wirkstoffkombination aus S\u00fcdtirol zur Unterst\u00fctzung von Immunsystem und Energiehaushalt. Mit standardisiertem alpinem schwarzem Holunderbeerenextrakt, erg\u00e4nzt durch\u00a0Vitamin D, Zink und Selen, tr\u00e4gt Sambiotic zu einer optimalen Immunfunktion bei. Zus\u00e4tzlich unterst\u00fctzt Vitamin B1 den Energiestoffwechsel und hilft Erm\u00fcdung zu reduzieren \u2013 f\u00fcr mehr Energie im Alltag.Hochwertig, wirksam und inspiriert von der Kraft der [&hellip;]<\/p><p class=\"post-shortcode-meta clearfix\"><a class=\"ps-rm-link clearfix\" href=\"https:\/\/www.apotheke-stpauls.it\/?p=1807\">Lesen Sie mehr &rarr;<\/a><\/p><\/div><\/div><\/div><\/div><div class=\"mt-one-half mt-column-last\">\n<p><strong>Wo finden Sie uns?<\/strong><\/p>\n<p><iframe loading=\"lazy\" src=\"https:\/\/maps.google.de\/maps\/ms?msa=0&amp;msid=209571320068947930351.0004d97cb5fa1b4e24fc2&amp;hl=de&amp;ie=UTF8&amp;t=m&amp;ll=46.471296,11.261319&amp;spn=0.001404,0.005783&amp;z=17&amp;output=embed\" width=\"100%\" height=\"190\" frameborder=\"0\" marginwidth=\"0\" marginheight=\"0\" scrolling=\"no\"><\/iframe><br \/>\n<small><a style=\"color: #0000ff; text-align: left;\" href=\"https:\/\/maps.google.de\/maps\/ms?msa=0&amp;msid=209571320068947930351.0004d97cb5fa1b4e24fc2&amp;hl=de&amp;ie=UTF8&amp;t=m&amp;ll=46.471296,11.261319&amp;spn=0.001404,0.005783&amp;z=17&amp;source=embed\">Apotheke St. Pauls<\/a> auf einer gr\u00f6\u00dferen Karte anzeigen<\/small><div class=\"mt-two-third\">\n<ul>\n<li><strong>KONTAKTDATEN<\/strong><\/li>\n<li><span style=\"color: #bd1226;\"><strong>Apotheke St. Pauls<\/strong><\/span><br \/>\nDr. Giuliani Susanne<\/li>\n<li>Schloss Warth Weg 14\/B<br \/>\n39050 St.Pauls<\/li>\n<li>Tel. +39 0471 665 897<\/li>\n<li>Fax +39 0471 665 897<\/li>\n<li>apotheke.stpauls@gmail.com<\/li>\n<\/ul>\n<\/div><div class=\"mt-one-third mt-column-last\">\n<ul>\n<li><strong>\u00d6FFNUNGSZEITEN:<\/strong><\/li>\n<li>Montag &#8211; Freitag:<br \/>\n08:15 &#8211; 12:15 Uhr<br \/>\n15:00 &#8211; 19:00 Uhr<\/li>\n<li><\/li>\n<li>Samstag:<br \/>\n08:15 &#8211; 12:15 Uhr<\/li>\n<\/ul>\n<\/div><div class=\"clear\"><\/div><\/div><div class=\"clear\"><\/div><\/div>\n","protected":false},"excerpt":{"rendered":"","protected":false},"author":1,"featured_media":0,"parent":0,"menu_order":1,"comment_status":"open","ping_status":"closed","template":"template-page-with-slider.php","meta":{"_acf_changed":false,"footnotes":""},"class_list":["post-705","page","type-page","status-publish","hentry"],"acf":[],"_links":{"self":[{"href":"https:\/\/www.apotheke-stpauls.it\/index.php?rest_route=\/wp\/v2\/pages\/705"}],"collection":[{"href":"https:\/\/www.apotheke-stpauls.it\/index.php?rest_route=\/wp\/v2\/pages"}],"about":[{"href":"https:\/\/www.apotheke-stpauls.it\/index.php?rest_route=\/wp\/v2\/types\/page"}],"author":[{"embeddable":true,"href":"https:\/\/www.apotheke-stpauls.it\/index.php?rest_route=\/wp\/v2\/users\/1"}],"replies":[{"embeddable":true,"href":"https:\/\/www.apotheke-stpauls.it\/index.php?rest_route=%2Fwp%2Fv2%2Fcomments&post=705"}],"version-history":[{"count":40,"href":"https:\/\/www.apotheke-stpauls.it\/index.php?rest_route=\/wp\/v2\/pages\/705\/revisions"}],"predecessor-version":[{"id":1814,"href":"https:\/\/www.apotheke-stpauls.it\/index.php?rest_route=\/wp\/v2\/pages\/705\/revisions\/1814"}],"wp:attachment":[{"href":"https:\/\/www.apotheke-stpauls.it\/index.php?rest_route=%2Fwp%2Fv2%2Fmedia&parent=705"}],"curies":[{"name":"wp","href":"https:\/\/api.w.org\/{rel}","templated":true}]}}