{"id":687,"date":"2013-05-15T20:27:46","date_gmt":"2013-05-15T20:27:46","guid":{"rendered":"http:\/\/www.apotheke-stpauls.it\/?page_id=687"},"modified":"2024-07-10T21:45:41","modified_gmt":"2024-07-10T21:45:41","slug":"eigenpraparationen","status":"publish","type":"page","link":"https:\/\/www.apotheke-stpauls.it\/?page_id=687","title":{"rendered":"Eigenpr\u00e4parationen"},"content":{"rendered":"<div class=\"row\">\n<div class=\"mt-one-third\"> <a href=\"https:\/\/www.apotheke-stpauls.it\/wp-content\/uploads\/apotheke-stpauls-91.jpg\"><img loading=\"lazy\" decoding=\"async\" class=\"alignnone size-medium wp-image-1125\" src=\"https:\/\/www.apotheke-stpauls.it\/wp-content\/uploads\/apotheke-stpauls-91-300x200.jpg\" alt=\"apotheke-stpauls-91\" width=\"300\" height=\"200\" srcset=\"https:\/\/www.apotheke-stpauls.it\/wp-content\/uploads\/apotheke-stpauls-91-300x200.jpg 300w, https:\/\/www.apotheke-stpauls.it\/wp-content\/uploads\/apotheke-stpauls-91-1024x682.jpg 1024w, https:\/\/www.apotheke-stpauls.it\/wp-content\/uploads\/apotheke-stpauls-91.jpg 1180w\" sizes=\"(max-width: 300px) 100vw, 300px\" \/><\/a><\/div>\n<div class=\"mt-one-third\">\nDie Kunst der Arzneimittelherstellung geh\u00f6rt seit jeher zum Beruf des Apothekers.<br \/>\nWir stellen in unserem Labor unter professionellen Bedingungen eine Vielzahl von Produkten her:<br \/>\nArzneimittel auf Verschreibung des Arztes, sowie verschiedene eigene, langj\u00e4hrig bew\u00e4hrte Hausspezialit\u00e4ten: Kapseln, Salben, Cremes, Tinkturen, Tees und Z\u00e4pfchen.<br \/>\nSeit einiger Zeit neu im Sortiment Narben\u00f6l und H\u00e4matom\u00f6l.<br \/>\nDas sind zwei Aroma\u00f6lmischungen in praktischen roll-on-Flaschen.<br \/>\n<\/div>\n<div class=\"mt-one-third mt-column-last\">\n<p>Empfohlen zur besseren Regeneration des Hautbildes bzw. raschem Abklingen von blauen Flecken werden sie von unseren Kunden sehr gesch\u00e4tzt.<br \/>\nBereits vielfach bew\u00e4hrt sind unsere Hustenz\u00e4pfchen f\u00fcr Kleinkinder.<br \/>\nSie enthalten Lavendel, Eukalyptus radiata und Thymian Linalool.<br \/>\nSchleiml\u00f6send, entz\u00fcndungshemmend, krampfl\u00f6send und desinfizierend eignen sie sich Dank Ihrer milden Wirkung besonders gut f\u00fcr unsere Kleinsten.<br \/>\n<\/div><div class=\"clear\"><\/div>\n<\/div>\n","protected":false},"excerpt":{"rendered":"","protected":false},"author":1,"featured_media":0,"parent":0,"menu_order":2,"comment_status":"open","ping_status":"closed","template":"template-page-with-slider.php","meta":{"_acf_changed":false,"footnotes":""},"class_list":["post-687","page","type-page","status-publish","hentry"],"acf":[],"_links":{"self":[{"href":"https:\/\/www.apotheke-stpauls.it\/index.php?rest_route=\/wp\/v2\/pages\/687"}],"collection":[{"href":"https:\/\/www.apotheke-stpauls.it\/index.php?rest_route=\/wp\/v2\/pages"}],"about":[{"href":"https:\/\/www.apotheke-stpauls.it\/index.php?rest_route=\/wp\/v2\/types\/page"}],"author":[{"embeddable":true,"href":"https:\/\/www.apotheke-stpauls.it\/index.php?rest_route=\/wp\/v2\/users\/1"}],"replies":[{"embeddable":true,"href":"https:\/\/www.apotheke-stpauls.it\/index.php?rest_route=%2Fwp%2Fv2%2Fcomments&post=687"}],"version-history":[{"count":16,"href":"https:\/\/www.apotheke-stpauls.it\/index.php?rest_route=\/wp\/v2\/pages\/687\/revisions"}],"predecessor-version":[{"id":1796,"href":"https:\/\/www.apotheke-stpauls.it\/index.php?rest_route=\/wp\/v2\/pages\/687\/revisions\/1796"}],"wp:attachment":[{"href":"https:\/\/www.apotheke-stpauls.it\/index.php?rest_route=%2Fwp%2Fv2%2Fmedia&parent=687"}],"curies":[{"name":"wp","href":"https:\/\/api.w.org\/{rel}","templated":true}]}}